145*x**2. Calculate b(-1).
-3
Let u be 11/(-99) - ((-321)/27)/(-1). Let d(b) = -b**2 - 12*b + 7. What is d(u)?
7
Suppose 5*q = -3*n - 23, -3*q - n + 0*n - 13 = 0. Suppose 8 - 26 = -3*v. Let l(g) = -1. Let f(p) = p**2 + 3*p + 5. Let b(c) = v*l(c) + f(c). Give b(q).
3
Let h be 1*3 + 22/(-11). Suppose 8*q - 14 = 18. Let d(c) = 4*c + q*c - 6*c + c. Calculate d(h).
3
Let x(q) be the first derivative of -q**3/3 + 5*q - 1. Let v = 60 + -64. Determine x(v).
-11
Suppose -f = 4*k - 15, -5*f - 5 = 4*k - 0. Let w(t) be the third derivative of 0 + 1/24*t**4 + 34*t**2 + 2/3*t**3 + 0*t. What is w(k)?
9
Suppose 12*q = 10*q + 100. Let l be (120/q)/((-4)/(-10)). Let y(g) = -2 + 3 - 3 + g. Calculate y(l).
4
Let o(a) = a**2 - 4*a + 1. Let s be -3 + 2 - (0 + -6). Suppose y + 0*u + s*u = 30, -2*y + 20 = 2*u. Calculate o(y).
6
Let m(o) be the second derivative of 0 + 0*o**2 - 1/12*o**4 + 7/6*o**3 - 4*o. Give m(6).
6
Let z = -7 - -4. Let y(k) = -5*k**2 - 26*k - 17. Let l(c) = c**2 + 5*c + 3. Let w(r) = 11*l(r) + 2*y(r). Calculate w(z).
-1
Let w(m) = m - 11. Let v(i) = -2*i**2 - 11*i - 6. Let y be v(-4). Determine w(y).
-5
Let k(i) = -i**2 + 283 - 554 + 288 + 9*i. Calculate k(9).
17
Let w = 150 - 146. Let h be w/(-6)*12 + 4. Let d(l) = 3*l + 6. Let v(f) = -f - 2. Let q(t) = -6*d(t) - 21*v(t). Calculate q(h).
-6
Let v be 448/1008 + 68/9. Let k(d) be the first derivative of -v - 2/3*d**3 + 5/2*d**2 - 2*d. What is k(3)?
-5
Let h(j) = 3*j**2 - 2*j + 2. Let z(q) = -2*q**2 + 17*q - 29. Let y be z(2). Determine h(y).
35
Let d(s) = s**3 - 3*s**2 + 4*s - 6. Suppose 3*t + 137 = 149. What is d(t)?
26
Let v(m) = 2*m**2 - m. Let b = -33 + 32. What is v(b)?
3
Suppose 92 = -22*p + 4. Suppose 6*v + 21 = 3*v. Let c(n) = 19*n + 8. Let x(o) = 13*o + 5. Let i(r) = v*x(r) + 5*c(r). Give i(p).
-11
Let p be -2 - 8/4 - 4. Let v(x) = -x**2 - x - 2. Let l(m) = 4*m**2 - 6*m + 6. Let y(k) = l(k) + 5*v(k). Calculate y(p).
20
Let d(v) = -v**2 + 8*v - 8. Let i = -57 + 67. Suppose 0 = -15*y + i*y + 35. Calculate d(y).
-1
Let j(q) = -4*q**3 + q + 1. Suppose 5*s = 10 + 10. Suppose 4*i + 0*i = -s. Give j(i).
4
Suppose -3 = -5*q + 7. Let t(g) = g**3 - 2*g**2 + 2*g. Let x be t(q). Let h(i) = i. Let z(f) = -f - 1. Let a(w) = 5*h(w) + 4*z(w). Determine a(x).
0
Let t = -20 - -30. Let y = 9 - t. Let w(c) = 6 - 6*c**2 + c - 3 - 3. Determine w(y).
-7
Let x = -2 + 6. Let d(v) = 3 - x + 9*v + v + 0. Calculate d(1).
9
Let w(q) be the second derivative of -q**4/12 - q**3/3 + 3*q**2/2 + 21*q. Suppose 0*h + 9 = 2*h + 3*s, 4*h + 22 = 2*s. What is w(h)?
0
Let g(t) = -3*t - 3. Suppose -4*y - 2*b - 16 = -0*b, 2*y + 5*b = -16. What is g(y)?
6
Suppose 15*h = -3*w + 17*h + 28, -2*w - h + 14 = 0. Let s(r) = r**3 - 7*r**2 - 10*r - 5. Calculate s(w).
-21
Suppose 3*m - 3 = -3*a - 0, 1 = 3*m + 4*a. Suppose m*d - 11 = -f, -3*f + 2 = -d - 1. Let y(q) = -3*q**2 - q**3 - 4*q + 4*q + q - f. Calculate y(-3).
-5
Let o(i) = 6*i + 5. Let a(g) = g + 1. Let c = 13 + -18. Let d(w) = c*a(w) + o(w). Calculate d(-6).
-6
Let v(r) = r**2 + 6*r - 8. Let g(o) = -o**3 + 12*o**2 - 9*o - 28. Let k be g(11). Determine v(k).
-8
Suppose 5*n - 2039 = -s + 3691, 0 = 5*n - s - 5730. Let b(t) = -2*t + n*t**2 + 6*t - 1145*t**2 + 4 - 12. Give b(-6).
4
Let s(l) be the second derivative of -l**5/20 + l**4/2 + l**3/3 + 2*l**2 - 3*l - 2. What is s(6)?
16
Let b = -639 - -636. Let u(r) = 3*r + 4. Determine u(b).
-5
Let p(a) = -7 - 10 + 6 - 10 + 61*a - 67*a. What is p(-5)?
9
Let p(t) = -10*t - 7. Let y(c) = 21*c + 15. Let a(m) = -13*p(m) - 6*y(m). Suppose k + 142 = -k. Let w = k - -70. What is a(w)?
-3
Let d(x) = x**3 + 10*x**2 - 10*x + 13. Let b be d(-11). Let v(f) = 0 + f**2 + f - 9 + 0 - b. Determine v(0).
-11
Let u(o) be the first derivative of -o**6/120 - 7*o**5/60 - o**4/4 + 7*o**3/6 - 5*o**2/2 + 2*o - 47. Let n(s) be the second derivative of u(s). Determine n(-6).
7
Suppose 0 = 29*n - 18*n + 11. Let d(t) = -t - 2. Give d(n).
-1
Let o(k) = 5*k**2 + 4*k - 23 - 4*k**2 + 15. Let t = -28 + 21. Give o(t).
13
Let h(q) = -q - 1. Let z(o) = -4*o - 21. Let b(a) = -6*h(a) + z(a). What is b(7)?
-1
Let l(f) be the first derivative of f**2/2 - 2*f + 7. Suppose -25*p - 6 = -24*p. Determine l(p).
-8
Let l(u) = 2*u**2 + 15*u + 15. Let b(g) = g**2 + 8*g + 8. Let s(i) = 5*b(i) - 3*l(i). Give s(-3).
1
Let c(y) = -2 + 6 + 7 - 6*y + y + 3*y. Calculate c(3).
5
Let d(x) = 6 - 5 - 24*x + 0. Calculate d(1).
-23
Let k(q) = -1. Let s(h) = -8 + 9 + 6*h + 1 - 8. Let d(x) = -5*k(x) + s(x). Give d(2).
11
Let i(f) be the third derivative of -f**4/24 - 3*f**3 - 2*f**2 - 8*f. Determine i(-9).
-9
Let h(t) = -6 + 17 - 8 - 2*t - 7. Give h(4).
-12
Suppose 3*m - 7 = -4. Let q(f) = 2*f - 6. Let i be q(6). Let d(t) = -7*t**3 + 6*t - t**2 + 1 - i*t. Give d(m).
-7
Let g(j) = -1 - 2*j + 2*j + j. Let z be 1*(11 - (-8)/(-2)). What is g(z)?
6
Let c(l) = l**2 - 2*l - 4. Suppose -5*m + 12 = 7. Let j(b) = 11*b**3 + b**2 - b. Let s be j(m). Let p = s - 7. Give c(p).
4
Let f(k) be the first derivative of -4*k**3/3 + k**2 - 1. Let g be (0 - (-4)/(-26)) + (-6780)/(-130). Let a = g + -50. Give f(a).
-12
Let y = -21 - -23. Let x(w) = -y - 5*w**2 + 0*w + w**3 + 6*w - 3. Let m be -5*(0 - (-12)/(-15)). Determine x(m).
3
Let x(c) be the first derivative of c**3 + c**2/2 - 54. Calculate x(-3).
24
Suppose 1 = -g + 5. Let b(k) = 2*k**2 - 9*k + 1. Let s be b(g). Let p(l) = -l + 2. Let f(n) = -5*n + 9. Let m(r) = -2*f(r) + 11*p(r). What is m(s)?
7
Let k(o) = 2 + 0 + 74*o - 18*o**2 + 16*o**2 - 73*o. Calculate k(-3).
-19
Let r(n) = 2 - n**3 - n**3 + n**2 + 3*n**3 - n. Suppose 0 = 4*v + 5*m - 5, 6*m - 2*m = -4*v + 4. Determine r(v).
2
Let o(r) = r**2 - 52*r + 143. Let b be o(3). Let u = -2 + 5. Let m(p) = -u + 2*p - 5*p - 3. Calculate m(b).
6
Let c(i) be the third derivative of -i**5/60 + i**4/3 - 3*i**3/2 - 71*i**2. Let j be (-30)/(-9) - 4/12. Suppose -5*u = 0, -j*p + u + 18 = -0*u. Determine c(p).
3
Let a(k) be the second derivative of k**5/4 + k**3/6 + k**2/2 - 7*k. Suppose 0 = i + 1 - 0. What is a(i)?
-5
Suppose 0 = -2*l + 10, -2*s - 4*l = -0*s - 6. Let w(u) = 11*u - 1. Let a(r) = 33*r - 4. Let g(v) = s*w(v) + 2*a(v). Let y be 75/(-45) + (-4)/(-6). What is g(y)?
10
Let u(j) be the first derivative of -1/2*j**2 - 17 + 10*j. Determine u(5).
5
Let b = 1270 + -1271. Let y(a) = -a + 2. Let h(j) = -5*j + 9. Let i(n) = 2*h(n) - 11*y(n). Let o(s) = 3*s - 15. Let t(q) = 15*i(q) - 4*o(q). Give t(b).
-3
Let s(h) = -h**2 + 6*h + 2. Let i be (-60)/(-16) - (-1)/4. Suppose 3*z - m - 4 = 2*z, 0 = -z + i*m + 16. Suppose 4*r + z = 24. Determine s(r).
2
Suppose 50 = -i + 5*i + k, -3*i - k = -38. Suppose 2*x - 4*x = i. Let w(m) be the first derivative of -m**3/3 - 7*m**2/2 + m - 370. Determine w(x).
7
Let b be ((0 - 3) + 1 - 3) + 6. Let r(f) = -f + 1. What is r(b)?
0
Let j(m) = 4*m. Let d be j(1). Let s(h) = -14 - h + 2 + 16. Determine s(d).
0
Let j(w) = 30*w - 24*w - 11*w + 4 + 1. Give j(2).
-5
Let s(f) = f + 0*f**2 + f**2 - 2*f**3 + f**2. Suppose -5*b - d - 4 = 0, -1 = -d - 0*d. Calculate s(b).
3
Let j(y) = y**3 - 2*y**2. Let x = 13 + -16. What is j(x)?
-45
Let l(s) be the third derivative of s**5/120 + s**4/12 - 5*s**3/6 + 29*s**2. Let d(q) be the first derivative of l(q). Determine d(-4).
-2
Suppose 2*r - 6 = 0, -5*c - 2*r + 52 = 11. Let x(h) = 11*h + h**2 - c*h + 9 + 3*h. Let u be -2 - (-20)/(8/(-2)). Determine x(u).
9
Let v(a) be the third derivative of a**6/120 + a**5/30 + a**4/12 + a**3/2 - a**2. Let z = 21 - 20. Let j = -3 + z. Calculate v(j).
-1
Let u(s) = -2*s - 11. Let k be u(-10). Suppose -2*g + k = -5*j, -j - 4 = -g + j. Let p(h) = h - 2 - g + h. Give p(3).
2
Let a = -53 - -71. Let m(l) = 3*l - 45. Let y be m(a). Let d(f) = f**3 - 10*f**2 + 9*f - 3. Calculate d(y).
-3
Let b(l) be the third derivative of 7*l**5/60 - 28*l**2. Give b(-1).
7
Let j(k) = -203*k - 21. Let t(h) = -95*h - 10. Let g(c) = -6*j(c) + 13*t(c). Give g(2).
-38
Let r(h) be the first derivative of -h**5/120 + h**4/24 + h**3 + 11. Let i(q) be the third derivative of r(q). Give i(2).
-1
Let a = 35 - 35. Suppose a*r - 2*r = 0. Let c(h) = r*h + 1 + h**2 + 0 + 9*h. Calculate c(-7).
-13
Suppose -y - 5*p = -0*y, y + 2*p = 0. Suppose y = -11*q + 9*q. Let u(b) = 0*b**2 - 25*b + 10 + 25*b - b**2. Give u(q).
10
Suppose -132*f + 127*f - 15 = 0. Let r(b) be the second d